{"id":6520,"date":"2020-12-02T00:13:48","date_gmt":"2020-12-01T21:13:48","guid":{"rendered":"https:\/\/www.shibumidojo.com\/?page_id=6520"},"modified":"2021-10-20T17:13:07","modified_gmt":"2021-10-20T14:13:07","slug":"iletisim-2","status":"publish","type":"page","link":"https:\/\/www.shibumidojo.com\/index.php\/iletisim-2\/","title":{"rendered":"\u0130leti\u015fim"},"content":{"rendered":"\r\n<div id=\"wp-block-themeisle-blocks-advanced-columns-a057c891\" class=\"wp-block-themeisle-blocks-advanced-columns has-2-columns has-desktop-equal-layout has-tablet-equal-layout has-mobile-collapsedRows-layout has-default-gap has-vertical-unset\">\r\n<div class=\"wp-block-themeisle-blocks-advanced-columns-overlay\">\u00a0<\/div>\r\n<div class=\"innerblocks-wrap\">\r\n<div id=\"wp-block-themeisle-blocks-advanced-column-769723e2\" class=\"wp-block-themeisle-blocks-advanced-column\">\r\n<p><img decoding=\"async\" loading=\"lazy\" class=\"alignnone size-full wp-image-13\" src=\"https:\/\/www.shibumidojo.com\/wp-content\/uploads\/2020\/12\/kenjutsu-2.png\" alt=\"\" width=\"300\" height=\"60\" \/><\/p>\r\n<p><strong>Shibumi Dojo<\/strong><\/p>\r\n<p><strong>UZAK DO\u011eU SAVA\u015e SANATLARI VE K\u00dcLT\u00dcR MERKEZ\u0130<\/strong><\/p>\r\n<p id=\"u16734-5\">Moda Cad. \u0130\u00e7g\u00f6ren Pasaj\u0131 No:120\/22 Moda \/Kad\u0131k\u00f6y \/\u0130stanbul<\/p>\r\n<p id=\"u16734-8\">(Halkbank Moda \u015eubesi kar\u015f\u0131s\u0131 )<\/p>\r\n<p id=\"u16734-11\">Tel: 0216 \u2013 349 03 87<\/p>\r\n<p>Gsm +9 0533 657 01 34<\/p>\r\n<p>E-posta; info@shibumidojo.com<\/p>\r\n<p><img decoding=\"async\" loading=\"lazy\" class=\"aligncenter size-full wp-image-429\" src=\"https:\/\/www.shibumidojo.com\/wp-content\/uploads\/2020\/12\/ShibumiKroki.gif\" alt=\"ShibumiKroki\" width=\"715\" height=\"395\" \/><\/p>\r\n<header>\u00a0<iframe loading=\"lazy\" width=\"300\" height=\"150\" src=\"https:\/\/maps.google.com\/maps?f=q&amp;source=s_q&amp;q=moda%20cad.%20no.122%20kad%C4%B1k%C3%B6y%20istanbul%2C%20t%C3%BCrkiye&amp;aq=0&amp;ie=UTF8&amp;t=p&amp;z=12&amp;iwloc=A&amp;output=embed\" frameborder=\"0\" marginwidth=\"0\" marginheight=\"0\" scrolling=\"no\" data-mce-fragment=\"1\"><\/iframe><\/header><\/div>\r\n\r\n\r\n\r\n<div id=\"wp-block-themeisle-blocks-advanced-column-df265c66\" class=\"wp-block-themeisle-blocks-advanced-column\">\u00a0<\/div>\r\n<\/div>\r\n<\/div>\r\n","protected":false},"excerpt":{"rendered":"","protected":false},"author":1,"featured_media":0,"parent":0,"menu_order":0,"comment_status":"closed","ping_status":"closed","template":"","meta":{"om_disable_all_campaigns":false,"_mi_skip_tracking":false},"aioseo_notices":[],"_links":{"self":[{"href":"https:\/\/www.shibumidojo.com\/index.php\/wp-json\/wp\/v2\/pages\/6520"}],"collection":[{"href":"https:\/\/www.shibumidojo.com\/index.php\/wp-json\/wp\/v2\/pages"}],"about":[{"href":"https:\/\/www.shibumidojo.com\/index.php\/wp-json\/wp\/v2\/types\/page"}],"author":[{"embeddable":true,"href":"https:\/\/www.shibumidojo.com\/index.php\/wp-json\/wp\/v2\/users\/1"}],"replies":[{"embeddable":true,"href":"https:\/\/www.shibumidojo.com\/index.php\/wp-json\/wp\/v2\/comments?post=6520"}],"version-history":[{"count":10,"href":"https:\/\/www.shibumidojo.com\/index.php\/wp-json\/wp\/v2\/pages\/6520\/revisions"}],"predecessor-version":[{"id":6911,"href":"https:\/\/www.shibumidojo.com\/index.php\/wp-json\/wp\/v2\/pages\/6520\/revisions\/6911"}],"wp:attachment":[{"href":"https:\/\/www.shibumidojo.com\/index.php\/wp-json\/wp\/v2\/media?parent=6520"}],"curies":[{"name":"wp","href":"https:\/\/api.w.org\/{rel}","templated":true}]}}